(o) = o**3 + o**2 - o + 4. Suppose -18 = -x - 4*q, 0*q + q = 5*x - 6. Calculate the remainder when j(0) is divided by x.
0
Let i = -29 - -19. What is the remainder when 13 is divided by i/3*(-18)/12?
3
Let s(n) = 3*n - 7. Let l(a) = a. Let h(q) = 4*l(q) + s(q). Let b be h(6). Suppose 0 = 4*u - 25 - b. What is the remainder when 44 is divided by u?
14
What is the remainder when -2 + (-1 - (-19 + 0)) is divided by 9?
7
Let t = 74 + -14. Calculate the remainder when t is divided by 21.
18
Let z(g) = g**3 + g**2 + 5*g + 5. Let y be z(-4). Let c = -10 - y. Let d(i) = 6*i - 6. What is the remainder when c is divided by d(4)?
17
Let r = 25 - 13. Suppose r = 3*d - 0*d. Calculate the remainder when 15 is divided by d.
3
Let a be 3*(-8)/18*-9. What is the remainder when 21 is divided by (a/9)/(4/18)?
3
Suppose -2*j + j + 7 = 0. Let u = 38 + -27. Calculate the remainder when u is divided by j.
4
Let m(q) = -4*q + 8. Let s(r) = -9*r + 17. Let v(g) = -5*m(g) + 2*s(g). Let j be v(6). What is the remainder when 11 is divided by 8/3*9/j?
3
Let x(y) = -y**2 + 19*y + 18. Calculate the remainder when x(16) is divided by 17.
15
Suppose 4*t - 122 = -18. Let w(c) = c**3 - 4*c**2 + 4*c - 2. Let u be w(2). Let b(i) = -36*i + 4. What is the remainder when b(u) is divided by t?
24
Let s = 4 - 0. Suppose -2*w + s = 2. Calculate the remainder when 2 is divided by w.
0
Let y(b) = b**3 - 12*b**2 + 14*b - 16. Suppose 3*p + p = 12. Suppose 0 = p*a - 3 - 24. What is the remainder when y(11) is divided by a?
8
Let b(i) = 5*i + 2. Let q = 39 + -19. Suppose a - q = -3*l + 3*a, 0 = 2*l - 5*a - 28. What is the remainder when b(1) is divided by l?
3
Let b be 0*3/(-6) - -4. Suppose 4*i + 3*m = 6 + 6, 2*i = b*m + 6. What is the remainder when (-2)/(-6) + 20/i is divided by 3?
1
Suppose -5*b - 4*g + 168 = 0, -6*b = -2*b - 4*g - 120. Calculate the remainder when b is divided by 9.
5
Suppose 0 = -4*q + 35 + 37. Suppose -o + 3*o - 3*u = 3, 0 = -5*o - 3*u + q. What is the remainder when o is divided by 2?
1
Suppose -5 - 7 = -4*i. Suppose -q + 10 = -5*r, -q + r - 9 = -i*q. Calculate the remainder when 14 is divided by q.
4
Let d be 3/(-2) + (-26)/(-4). Let q(b) = 3*b - 3. Calculate the remainder when 45 is divided by q(d).
9
Suppose s = -5*g - 0*g + 95, 0 = 2*g + 5*s - 38. Calculate the remainder when 73 is divided by g.
16
Suppose -n + 2*h - 194 = -6*n, h - 40 = -n. What is the remainder when n is divided by 10?
8
Let l = 17 - -10. Calculate the remainder when l is divided by 10.
7
Let w(v) = 3*v**3 - v**2. Let a be w(1). Suppose -l + 42 = 2*p, 0 = a*l + 2*p - 32 - 46. What is the remainder when l is divided by 19?
17
Let x = 61 - 52. What is the remainder when 24 is divided by x?
6
Let w = -5 - -12. Let n(f) = 2*f**2 + 9*f. Calculate the remainder when n(-6) is divided by w.
4
Suppose c = 4*k + 34, -2*c + 147 = 3*c + 3*k. Calculate the remainder when 116 is divided by c.
26
Suppose -5*k + 2 + 23 = 0. Suppose i - 10 = 2*d + 4, -40 = -k*i - 5*d. Calculate the remainder when 38 is divided by i.
8
Let t(i) = i**2 - 3*i - 2. Let s be t(4). What is the remainder when -20*(3/s + -2) is divided by 3?
1
What is the remainder when 48 is divided by (0 - -1)/(-3*5/(-270))?
12
Let b = 9 - 6. Suppose -b*k + 2*g = -109, -k - 5 = 2*g - 28. Calculate the remainder when k is divided by 9.
6
Suppose -7*z + 480 = 8*z. Calculate the remainder when 127 is divided by z.
31
Let o = 1 + 0. Let q be (o/(-2))/((-3)/(-6)). What is the remainder when 1*1/q + 12 is divided by 4?
3
Suppose 8*t = 11*t - 189. What is the remainder when t is divided by 13?
11
Calculate the remainder when 148 is divided by (-9)/((-495)/(-10)) + (-1104)/(-22).
48
Suppose -8*r + 5*r = -21. What is the remainder when 23 is divided by r?
2
Let g(v) = -7*v**3 - 2*v**2 + v + 1. Calculate the remainder when g(-2) is divided by 6.
5
Suppose 3*v + 15 = 0, -v = -5*h - 0*v + 155. Calculate the remainder when h is divided by 17.
13
Let a = 4 + -2. Let z be 4/6*(a + -5). Calculate the remainder when -3 - (z + (-37 - 3)) is divided by 10.
9
Let x = -28 + 69. Suppose 0 = -j - 2*j + 66. What is the remainder when x is divided by j?
19
Calculate the remainder when 79 is divided by (-214)/(-8) - (-7)/28.
25
What is the remainder when 75 is divided by (-2 + -1 + 0)*650/(-150)?
10
Let h(n) = -n**3 + 9*n**2 + 12*n + 18. Suppose 0 = 5*f - 2*f - 39. Calculate the remainder when h(10) is divided by f.
12
Suppose -4*h + 2*b + 404 = b, 5*h - 505 = -3*b. Let f = 411 - 385. Calculate the remainder when h is divided by f.
23
Let x = -12 - -17. Let p(q) = -7*q + 2. Suppose -5*r - 4*n = -11, r + 9 = 2*n - 0. What is the remainder when p(r) is divided by x?
4
Suppose -3 = -4*q + 9. Suppose 0 = 9*f + f - 100. Calculate the remainder when f is divided by q.
1
Let b = 0 + 2. Let c(z) = -z**2 - 2*z + 1. Let d be c(0). Calculate the remainder when (d - 13)*1/(-2) is divided by b.
0
Let h(m) = -m**3 - m + 8. Let g be h(0). Let s be 214/(-14) - g/(-28). Calculate the remainder when 3/(-3) + 3 - s is divided by 9.
8
Let w = 62 - 187. Let i be w/(-15) + 2/(-6). Calculate the remainder when 114/8 + (-2)/i is divided by 8.
6
Let k = 12 - -32. Calculate the remainder when k is divided by 23.
21
Suppose 2*y - 9 - 5 = 0. Suppose -j - 5 = -2*j. Suppose -10 + 32 = -l - j*k, -5*l - 5 = 4*k. What is the remainder when y is divided by l?
1
Suppose 3*t + 3*z - 18 = 0, 2*t - 5*z - 10 - 30 = 0. What is the remainder when 15 is divided by t?
5
Let i = 121 + -63. What is the remainder when i is divided by 20?
18
Let c(i) = 23*i - 4. Let f be c(5). Let k be (1/(-3) + 1)*f. Calculate the remainder when 2/(-9) + k/9 is divided by 5.
3
Let x = -23 + 44. Calculate the remainder when 82 is divided by x.
19
Let c(n) = -n**3 - n**2 - n + 1. What is the remainder when 62 is divided by c(-3)?
18
Let a(u) = 3*u**2 - u + 2. Let z(l) = 2*l**2 - l - 1. What is the remainder when a(-2) is divided by z(-2)?
7
Let o be 14/(3 + (-3 - -2)). Suppose -j = -2*v + 7*v + o, 5*j = -5*v + 65. Calculate the remainder when 69 is divided by j.
15
Suppose 2*q + 250 = 4*f, -f + 3*q + 89 = 34. Calculate the remainder when f is divided by 33.
31
Let f = -30 - -18. Let o be (-4)/f - (-38)/3. Suppose 0 = -2*l + 5*p + 10, p - o + 39 = 2*l. What is the remainder when l is divided by 8?
7
Suppose -5*u = -u - 8, -4*s = 2*u - 704. What is the remainder when s is divided by 11?
10
Let g = 2 + -22. Calculate the remainder when (1 - g) + 1/(-1) is divided by 7.
6
Let n = 0 - -3. Let i(p) = -9*p**2 - 5*p + 11. Let m(h) = 5*h**2 + 3*h - 6. Let z(a) = -4*i(a) - 7*m(a). Calculate the remainder when z(n) is divided by 3.
1
What is the remainder when 24 is divided by (-1 - -4)*(-196)/(-84)?
3
Suppose 0 = -63*n + 61*n + 68. What is the remainder when n is divided by 14?
6
Let b be (-42)/5 - (-8)/20. Let i = 9 + b. What is the remainder when 2 is divided by i?
0
Suppose 4*v + v - 1460 = 0. Suppose 0*h = -4*h + v. Calculate the remainder when h is divided by 19.
16
Suppose -10*b = -2*o - 15*b + 58, 3*b + 87 = 3*o. What is the remainder when 85 is divided by o?
27
Suppose -4*x - x - 210 = 0. Let o be x/(-5) - (-6)/(-15). Calculate the remainder when ((-50)/o)/(2/(-8)) is divided by 14.
11
Suppose 3*y = -2*j, 4*y - 4 = 3*j + 13. Suppose 0*h - 5*h + 6 = -4*v, -v + 5 = y*h. What is the remainder when 5 is divided by h?
1
Suppose -2*l + 6 - 2 = 0. Suppose -2*p = -v - 15, p = -l*p - 2*v + 40. What is the remainder when 39 is divided by p?
9
Let s = 244 + -125. What is the remainder when s is divided by 20?
19
Let z = 15 - -28. Calculate the remainder when z is divided by 15.
13
Let k(p) = p**2 + 8*p - 14. Calculate the remainder when 34 is divided by k(-11).
15
Let t(o) = -9*o - 4. Let l(b) = -b**3 - 4*b**2 + 3*b - 5. What is the remainder when t(-2) is divided by l(-5)?
4
Let p(d) = -3*d - 42. What is the remainder when 42 is divided by p(-17)?
6
Suppose -4*f + 9*f = 65. Suppose 0 = 3*s + 11 - 2. Let o = s + 8. What is the remainder when f is divided by o?
3
Let i = 86 + -50. Let x = 54 - i. Let d = -9 + x. Calculate the remainder when 25 is divided by d.
7
Suppose -3 = 2*l + 1, -5*m + 89 = -2*l. Suppose -3*n + 1 + 14 = 0. What is the remainder when m is divided by n?
2
Suppose -3*w = -5*c - 11 - 11, 0 = w - 3*c - 2. What is the remainder when 